-2d48a?
-2d442
In base 9, what is 3 - -46210284?
46210287
In base 8, what is 0 + 133036421?
133036421
In base 14, what is 2 - d538d?
-d538b
In base 8, what is -116 - 550533?
-550651
In base 16, what is 3cabd + -189?
3c934
In base 6, what is -33511 + -121421?
-155332
In base 16, what is 1235 - -7e7?
1a1c
In base 8, what is 42626616 - 123?
42626473
In base 11, what is -7 + 246a3?
24697
In base 14, what is -340c - 1a0b?
-5019
In base 11, what is -2427940 + 7?
-2427934
In base 10, what is 20 + 1730970?
1730990
In base 15, what is 1655b6 + 5?
1655bb
In base 13, what is 63259 + 54?
632b0
In base 8, what is 232441 + -155?
232264
In base 6, what is -1334440124 - -2?
-1334440122
In base 13, what is 0 + 725708?
725708
In base 11, what is -563a46 - 8?
-563a53
In base 15, what is -37b712 + 2?
-37b710
In base 12, what is 42981a7 + -1?
42981a6
In base 9, what is -2652 + 258581?
255828
In base 9, what is 210 - -14275323?
14275533
In base 7, what is 142 - -464205?
464350
In base 11, what is 12201854 - -1?
12201855
In base 5, what is 1014 - 230340402?
-230334333
In base 5, what is 222110400 + 4?
222110404
In base 15, what is -583 - -1244?
bb1
In base 14, what is -da23b + -c3?
-da320
In base 16, what is 1d + -7f056?
-7f039
In base 15, what is -1689e - 4a?
-168e9
In base 15, what is 17bbac57 + 5?
17bbac5c
In base 4, what is -221303022 - 1002?
-221310030
In base 14, what is -5864 + -431d?
-9b83
In base 2, what is 1101110 + 10001111110001011001?
10001111110011000111
In base 6, what is 2231512432 - 0?
2231512432
In base 13, what is 4541 - -5cb?
4b3c
In base 2, what is 100100000100000011111100110 + 11?
100100000100000011111101001
In base 8, what is 663361 + -243?
663116
In base 12, what is 451 - 63b0?
-5b5b
In base 4, what is 12010211 - 20223?
11323322
In base 4, what is -123233 - 3131103?
-3321002
In base 3, what is -2 - 2220120221101220?
-2220120221101222
In base 15, what is 70aee0 - -5?
70aee5
In base 14, what is -1258d76 + -1?
-1258d77
In base 9, what is 4623 + 4027?
8651
In base 13, what is 20a0 - 3337?
-1267
In base 2, what is -110100101 - -110001110010111?
110000111110010
In base 16, what is -32f679 + -47?
-32f6c0
In base 7, what is 4653403 + -62?
4653311
In base 8, what is 441772 - 7543?
432227
In base 7, what is 4236 - 13651?
-6412
In base 13, what is 8669 - -8?
8674
In base 11, what is 1838 + -1a019?
-18291
In base 3, what is 1110110201102002 - 12?
1110110201101220
In base 3, what is -121010120012111 + 2?
-121010120012102
In base 14, what is -db35 + 1a1?
-d974
In base 11, what is -4 - 6a6a911?
-6a6a915
In base 5, what is 24121 + -413021?
-333400
In base 8, what is -675 - 6261?
-7156
In base 11, what is -33246458 - 1?
-33246459
In base 14, what is -16b - -142a?
129d
In base 16, what is -3 + -1c9555b?
-1c9555e
In base 10, what is 434 - -3066?
3500
In base 3, what is 11 - 11101211010?
-11101210222
In base 8, what is -241 + 1051?
610
In base 6, what is 31 - 231421?
-231350
In base 14, what is 226b3694 + 4?
226b3698
In base 12, what is -191487 - -4?
-191483
In base 7, what is 1430341 - 1122?
1426216
In base 5, what is -1204340 - 1214?
-1211104
In base 8, what is 205 - -3126163?
3126370
In base 6, what is -250531421 - -322?
-250531055
In base 4, what is -20 - 32330231033?
-32330231113
In base 15, what is -1ac52d + -139?
-1ac667
In base 15, what is -5 + -582a27?
-582a2c
In base 9, what is 12302170 + -1?
12302168
In base 15, what is -d4 - d66a?
-d74e
In base 5, what is -344412411 - 22?
-344412433
In base 9, what is 5 - 145055234?
-145055228
In base 5, what is -1322144343 - -10?
-1322144333
In base 6, what is -1215333 - -113401?
-1101532
In base 15, what is 0 + a59b88?
a59b88
In base 11, what is -436 - -847809?
847383
In base 11, what is -3 + -211a742?
-211a745
In base 3, what is 12 + -11220201001211?
-11220201001122
In base 4, what is 11 - 200313333?
-200313322
In base 16, what is 1 - 2043019?
-2043018
In base 5, what is -14 + 3301331102?
3301331033
In base 7, what is -5 + -25013003?
-25013011
In base 11, what is -53484a0 - -6?
-5348495
In base 5, what is -10434230 - 1012?
-10440242
In base 4, what is -1201021332333 + -10?
-1201021333003
In base 14, what is -197a11a3 - -6?
-197a119b
In base 11, what is 1 + -2897788?
-2897787
In base 8, what is 42565554 - 3?
42565551
In base 11, what is 27a17051 + -2?
27a1704a
In base 7, what is -166 - 12221016?
-12221215
In base 13, what is -208 - -20b5?
1baa
In base 14, what is 4335560 - 2?
433555c
In base 7, what is 4 - 63323335?
-63323331
In base 16, what is -6c1572 - 1?
-6c1573
In base 11, what is 3487 - -440?
3917
In base 12, what is -73707 - -2653?
-71074
In base 14, what is 12 - 166274?
-166262
In base 8, what is 45575 + -27366?
16207
In base 3, what is -121001 + 2201122102?
2201001101
In base 2, what is 101 - 11011110001111010?
-11011110001110101
In base 8, what is -1105 - 216217?
-217324
In base 13, what is -1c757 - -a45?
-1ba12
In base 16, what is 224c7f + -3c?
224c43
In base 14, what is 11d + 247072?
247191
In base 10, what is 0 - -5906391?
5906391
In base 5, what is -3313024 + 144?
-3312330
In base 14, what is -2 - -2127d054?
2127d052
In base 16, what is 6 - -859da?
859e0
In base 2, what is -1111100010 + -10111110111011000?
-11000000110111010
In base 3, what is 1221102101210 - 2?
1221102101201
In base 7, what is 0 - 506260561?
-506260561
In base 10, what is 3 - -22133423?
22133426
In base 10, what is 23 - -148798?
148821
In base 9, what is -131613 - 503?
-132216
In base 15, what is -11c8a + -662?
-123ec
In base 10, what is -2196846 + 4?
-2196842
In base 7, what is -1152416 + -12?
-1152431
In base 13, what is 386 + -591?
-208
In base 10, what is -93 + 307721?
307628
In base 16, what is -1e0f4 + -36?
-1e12a
In base 16, what is -15c0 - 182?
-1742
In base 16, what is 24ed32 - -2?
24ed34
In base 9, what is -372442 + 2405?
-370036
In base 3, what is 12211020000222211 - -10?
12211020000222221
In base 10, what is 11 - -479590?
479601
In base 5, what is 41001322324 + -4?
41001322320
In base 9, what is -54253771 + -1?
-54253772
In base 5, what is 14343 - 1101322?
-1031424
In base 16, what is -3 - -6bb384b?
6bb3848
In base 14, what is 30022c + 0?
30022c
In base 7, what is -64 + -300316?
-300413
In base 2, what is 111001001110010111 - 100100111001?
111000101001011110
In base 8, what is 32235 - 5533?
24502
In base 6, what is -5 + -112433305?
-112433314
In base 16, what is -32dadf2 - 4?
-32dadf6
In base 5, what is 1333 - -11104301?
11111134
In base 2, what is 10111111110101110001 + -1101110?
10111111110100000011
In base 16, what is -28b + 269f?
2414
In base 3, what is -11202200 + -1002201102?
-1021111002
In base 8, what is 3 + -11441474?
-11441471
In base 5, what is 23302 + -243322?
-220020
In base 5, what is 1 - -134230030200?
134230030201
In base 6, what is -211 - -400403?
400152
In base 8, what is -27 - -40566441?
40566412
In base 4, what is 3 + -203000321?
-203000312
In base 15, what is -12 + 14cbc1?
14cbae
In base 16, what is -116b - -1d?
-114e
In base 12, what is -48260 + -1198?
-49438
In base 4, what is 12200 - -3131322322?
3132001122
In base 14, what is -76 - -c086?
c010
In base 2, what is 1 - 10101110101101101101010011?
-10101110101101101101010010
In base 14, what is 121 - -344a4b?
344b6c
In base 6, what is -113 - 2023214?
-2023331
In base 4, what is 11 - 112020323220?
-112020323203
In base 14, what is -3cd + -5304?
-56d3
In base 5, what is -34 - 2304132030?
-2304132114
In base 4, what is -1322 - 2203323220?
-2203331202
In base 7, what is -11045 + -12430?
-23505
In base 2, what is -101111 - 100100000100101011111?
-100100000100110001110
In base 11, what is 836 + -660a0?
-65365
In base 5, what is 12242231224 + 0?
12242231224
In base 5, what is -133 + 143231103?
143230420
In base 16, what is 1afdbc - 5?
1afdb7
In base 8, what is -267667250 + 5?
-267667243
In base 8, what is 251645 - -3676?
255543
In base 13, what is -622cb0 - 4?
-622cb4
In base 6, what is -524214 - -14?
-524200
In base 10, what is 62511 + -325?
62186
In base 10, what is -14213403 - -4?
-14213399
In base 13, what is -2 - 157c9a54?
-157c9a56
In base 6, what is 5 + -13305030?
-13305021
In base 6, what is -435041 + -3422?
-442503
In base 11, what is 6 + 1a44371?
1a44377
In base 2, what is 1101110 - 1010000100101100100?
-1010000100011110110
In base 11, what is